is divided by 101.
67
What is the remainder when 345 is divided by 111?
12
Calculate the remainder when 355 is divided by 44.
3
Calculate the remainder when 2182 is divided by 540.
22
Calculate the remainder when 70 is divided by 36.
34
Calculate the remainder when 463 is divided by 132.
67
What is the remainder when 99 is divided by 60?
39
What is the remainder when 105 is divided by 40?
25
What is the remainder when 312 is divided by 45?
42
What is the remainder when 309 is divided by 77?
1
Calculate the remainder when 451 is divided by 122.
85
Calculate the remainder when 365 is divided by 23.
20
Calculate the remainder when 17112 is divided by 35.
32
Calculate the remainder when 1555 is divided by 35.
15
What is the remainder when 74 is divided by 48?
26
What is the remainder when 264 is divided by 5?
4
What is the remainder when 193 is divided by 18?
13
Calculate the remainder when 1321 is divided by 16.
9
What is the remainder when 79 is divided by 8?
7
What is the remainder when 674 is divided by 219?
17
What is the remainder when 125 is divided by 96?
29
Calculate the remainder when 25 is divided by 2.
1
What is the remainder when 33 is divided by 12?
9
Calculate the remainder when 304 is divided by 92.
28
Calculate the remainder when 194 is divided by 146.
48
Calculate the remainder when 878 is divided by 80.
78
What is the remainder when 782 is divided by 34?
0
Calculate the remainder when 379 is divided by 183.
13
Calculate the remainder when 273 is divided by 126.
21
What is the remainder when 9852 is divided by 167?
166
What is the remainder when 1595 is divided by 38?
37
Calculate the remainder when 429 is divided by 14.
9
Calculate the remainder when 196 is divided by 41.
32
What is the remainder when 8154 is divided by 40?
34
Calculate the remainder when 50 is divided by 37.
13
Calculate the remainder when 1960 is divided by 954.
52
What is the remainder when 175 is divided by 16?
15
What is the remainder when 850 is divided by 71?
69
Calculate the remainder when 131 is divided by 52.
27
What is the remainder when 104 is divided by 45?
14
What is the remainder when 2220 is divided by 117?
114
What is the remainder when 584 is divided by 31?
26
Calculate the remainder when 400 is divided by 33.
4
Calculate the remainder when 898 is divided by 48.
34
What is the remainder when 37 is divided by 13?
11
Calculate the remainder when 591 is divided by 75.
66
What is the remainder when 168 is divided by 6?
0
Calculate the remainder when 329 is divided by 112.
105
What is the remainder when 233 is divided by 60?
53
What is the remainder when 25 is divided by 21?
4
Calculate the remainder when 413 is divided by 83.
81
What is the remainder when 340 is divided by 184?
156
What is the remainder when 492 is divided by 99?
96
What is the remainder when 816 is divided by 164?
160
Calculate the remainder when 17 is divided by 2.
1
What is the remainder when 2856 is divided by 568?
16
What is the remainder when 611 is divided by 585?
26
Calculate the remainder when 1318 is divided by 95.
83
What is the remainder when 503 is divided by 46?
43
What is the remainder when 2033 is divided by 43?
12
Calculate the remainder when 1733 is divided by 218.
207
What is the remainder when 6721 is divided by 27?
25
What is the remainder when 527 is divided by 74?
9
What is the remainder when 31 is divided by 10?
1
What is the remainder when 277 is divided by 31?
29
What is the remainder when 3524 is divided by 168?
164
What is the remainder when 113 is divided by 23?
21
What is the remainder when 382 is divided by 11?
8
What is the remainder when 1285 is divided by 44?
9
What is the remainder when 164 is divided by 72?
20
Calculate the remainder when 1106 is divided by 74.
70
What is the remainder when 352 is divided by 21?
16
What is the remainder when 362 is divided by 41?
34
What is the remainder when 84 is divided by 17?
16
What is the remainder when 39 is divided by 8?
7
Calculate the remainder when 651 is divided by 165.
156
What is the remainder when 7780 is divided by 3881?
18
What is the remainder when 863 is divided by 18?
17
Calculate the remainder when 879 is divided by 47.
33
Calculate the remainder when 330 is divided by 24.
18
What is the remainder when 524 is divided by 17?
14
What is the remainder when 520 is divided by 106?
96
Calculate the remainder when 355 is divided by 21.
19
Calculate the remainder when 1911 is divided by 87.
84
What is the remainder when 1807 is divided by 451?
3
What is the remainder when 1019 is divided by 102?
101
Calculate the remainder when 750 is divided by 47.
45
What is the remainder when 166 is divided by 51?
13
What is the remainder when 213 is divided by 63?
24
What is the remainder when 1113 is divided by 9?
6
What is the remainder when 615 is divided by 102?
3
Calculate the remainder when 128 is divided by 26.
24
What is the remainder when 703 is divided by 232?
7
Calculate the remainder when 2589 is divided by 108.
105
Calculate the remainder when 832 is divided by 14.
6
Calculate the remainder when 659 is divided by 185.
104
What is the remainder when 117 is divided by 59?
58
What is the remainder when 174 is divided by 47?
33
Calculate the remainder when 4383 is divided by 129.
126
What is the remainder when 87 is divided by 21?
3
Calculate the remainder when 288 is divided by 64.
32
Calculate the remainder when 967 is divided by 239.
11
What is the remainder when 366 is divided by 93?
87
What is the remainder when 34187 is divided by 65?
62
What is the remainder when 153 is divided by 19?
1
Calculate the remainder when 99 is divided by 15.
9
What is the remainder when 278 is divided by 92?
2
Calculate the remainder when 1719 is divided by 123.
120
Calculate the remainder when 384 is divided by 8.
0
Calculate the remainder when 20 is divided by 13.
7
Calculate the remainder when 747 is divided by 28.
19
What is the remainder when 550 is divided by 77?
11
What is the remainder when 271 is divided by 92?
87
What is the remainder when 713 is divided by 102?
101
What is the remainder when 89 is divided by 33?
23
What is the remainder when 331 is divided by 48?
43
What is the remainder when 3879 is divided by 35?
29
What is the remainder when 27 is divided by 21?
6
What is the remainder when 159 is divided by 18?
15
Calculate the remainder when 116 is divided by 39.
38
Calculate the remainder when 137 is divided by 107.
30
What is the remainder when 38 is divided by 14?
10
Calculate the remainder when 2081 is divided by 22.
13
Calculate the remainder when 529 is divided by 106.
105
What is the remainder when 71 is divided by 25?
21
What is the remainder when 62 is divided by 45?
17
What is the remainder when 140 is divided by 39?
23
What is the remainder when 132 is divided by 18?
6
What is the remainder when 637 is divided by 36?
25
Calculate the remainder when 38 is divided by 18.
2
What is the remainder when 118 is divided by 11?
8
What is the remainder when 58 is divided by 3?
1
What is the remainder when 1302 is divided by 60?
42
Calculate the remainder when 323 is divided by 36.
35
What is the remainder when 2606 is divided by 859?
29
Calculate the remainder when 57 is divided by 36.
21
Calculate the remainder when 55 is divided by 3.
1
What is the remainder when 195 is divided by 29?
21
Calculate the remainder when 1282 is divided by 5.
2
What is the remainder when 144 is divided by 5?
4
What is the remainder when 607 is divided by 176?
79
Calculate the remainder when 13 is divided by 2.
1
What is the remainder when 122 is divided by 46?
30
Calculate the remainder when 305 is divided by 26.
19
What is the remainder when 303 is divided by 21?
9
What is the remainder when 297 is divided by 2?
1
What is the remainder when 305 is divided by 17?
16
What is the remainder when 6274 is divided by 25?
24
What is the remainder when 245 is divided by 38?
17
What is the remainder when 667 is divided by 333?
1
What is the remainder when 3865 is divided by 32?
25
What is the remainder when 562 is divided by 14?
2
What is the remainder when 206 is divided by 24?
14
Calculate the remainder when 212 is divided by 188.
24
Calculate the remainder when 155 is divided by 90.
65
Calculate the remainder when 399 is di